4). Suppose -3 = -2*s + 3. Is s*(0 + r) + 126 a prime number?
False
Suppose -3*b - 2*b + 175 = 0. Suppose -m = 2*w - 135, 4*w + 2*m = w + 202. Let c = w + b. Is c a prime number?
True
Is ((-7)/28)/(5/(3 + -30863)) prime?
True
Is ((-79673)/(-22))/((-1)/(-10)) a composite number?
True
Let y(q) = q**2 + 21*q + 52. Let u be y(-18). Is (u + 4 + -4)/((-2)/4907) a composite number?
True
Let n be -4*(-7)/(-98) - 10/14. Is ((-405)/10 - -1)/(n/2) prime?
True
Let w be 0*(-2 - 7/(-3)). Suppose w = -15*x + 18*x - 393. Is x composite?
False
Suppose 4*i - 5*m - 52 = 0, -i - 3*m - 4 = -34. Suppose i*p - 17*p = 359. Is p prime?
True
Let w(p) = p**3 - p. Let z(l) be the first derivative of -l**4 + 8*l**3/3 + 4*l**2 + 9*l - 3. Let h(c) = -6*w(c) - z(c). Is h(-7) a composite number?
True
Let j(d) = 19*d + 27. Let k(u) = 20*u + 28. Let a(i) = 3*j(i) - 2*k(i). Is a(6) composite?
False
Let p = -4816 - -10048. Let r be p/64 + (-3)/4. Let h = r + 37. Is h a prime number?
False
Suppose 6*g = 5*g + 6. Suppose b - 3*y - 9 = 0, -g = -b + y + y. Suppose 2*d - 6*d + 356 = b. Is d prime?
True
Suppose 3*p + 16 = 2*p. Let z = 18 + p. Suppose -1484 = -z*c - 2*c. Is c prime?
False
Is 48982/24 - 12/(-144) a composite number?
True
Suppose -7339 = -9*q + 70862. Is q a composite number?
False
Let l(u) = 89*u + 110. Is l(27) composite?
True
Suppose 3*s - s - 8 = 0. Suppose -t - 4*a = -18, 4*t = s*a + 5 - 13. Suppose 4*o - 87 = 3*d + 5, -o + t*d = -23. Is o composite?
False
Suppose f - 5*f = 5*d + 14, 2*f + 2 = 0. Is (-14)/21*381/d a prime number?
True
Suppose 18*d + 381033 = 27*d. Is d composite?
False
Suppose 3*q - 4*q = 2*l - 37, -5*q = 4*l - 65. Let a be ((-5)/(l/(-12)))/1. Suppose 0 = -y + 3*i + 112, -239 = -2*y + 6*i - a*i. Is y composite?
False
Let x = 12505 - 8598. Is x composite?
False
Let j = 8 + -6. Suppose 79*x - 486 = 77*x. Suppose -j*z = -x - 371. Is z prime?
True
Suppose -5*j = -24134 + 6969. Is j a composite number?
False
Let l(u) = -u**3 + 2*u**2 - 1. Let t be l(1). Suppose t*r = x - 5*r - 1055, 0 = x - 4*r - 1056. Suppose -4*a = 8 - x. Is a a prime number?
True
Suppose -3*w + w - 7637 = -3*b, -5*w = -6*b + 15278. Is b a prime number?
True
Let y = -2865 - -8804. Is y a composite number?
False
Let t(r) = 645*r + 41. Is t(16) a composite number?
True
Let w(p) = -1427*p**2 + 9*p - 6. Let s be w(2). Let b = -2925 - s. Is b composite?
True
Let g be ((-5)/(-10))/(2/4). Let u be (-1)/((-2 - g)/831). Suppose -77 = -3*v + u. Is v prime?
False
Let d(c) = 3*c - 9. Let m be d(3). Suppose 4*h + 3*w + 12 = m, -5*h + 5*w - 4*w = 15. Is 7/(7/h) + 538 composite?
True
Let w = -14 - -14. Suppose 2*j = 0, w*g - 5*j + 3 = g. Suppose -4*k + 2176 - 96 = -5*m, -g*m = 12. Is k composite?
True
Let q(w) = 2*w - 7. Let k be q(0). Let x = -1 - k. Is (-3693)/(-12) - x/8 composite?
False
Suppose -2*r - 1 - 7 = 0. Is 19365/3*1 - r a composite number?
True
Suppose -5*a - 1927 = -5492. Let w = -324 + a. Is w a prime number?
True
Let t = -13 + 15. Suppose 0 = t*n - 2. Is 4 - n - (-44 + 1) a composite number?
True
Let z(q) = q**3 + 3*q**2 - 6*q - 3. Let d be z(-4). Suppose -d*r + 716 = -r. Is r a composite number?
False
Suppose -113528 = -6*f - 34124. Suppose 10*k - 18856 = f. Is k composite?
False
Let c = -86 - 25. Let t be c/21 + (-6)/(-21). Is ((-606)/(-9))/(t/(-15)) a composite number?
True
Let j(o) = o**3 - 10*o**2 - o + 14. Suppose 6*z - 2*z = -t + 2, 2*z + 34 = 3*t. Let l be j(t). Suppose l*n - 1004 = -0*n. Is n prime?
True
Let f be 1186/(0 + (0 - -2)). Suppose -5*k = -422 - f. Is k prime?
False
Let a(b) = -210*b**3 + b**2 + 3*b + 3. Let j(o) = -630*o**3 + 3*o**2 + 8*o + 8. Let n(p) = -8*a(p) + 3*j(p). Is n(-1) composite?
False
Let f = -11313 - -19144. Is f composite?
True
Let g(b) = 2*b**2 + 11*b + 20. Is g(15) a composite number?
True
Suppose 4*q - 4 = -3*x - 0*x, -8 = q + 3*x. Suppose -q*i - 3*i = -4739. Is i prime?
True
Let y(s) be the second derivative of -25*s**3/3 - 3*s**2 + 30*s - 5. Let q be 2/(-5) - 18/5. Is y(q) composite?
True
Is (-6)/12*4 - -1*10169 composite?
True
Suppose 36*z = 46179 + 23769. Is z a prime number?
False
Let t(l) = 312*l + 11. Is t(11) a prime number?
False
Let f(m) = -261*m + 3. Let h be f(-2). Suppose 0 = -o - 3*a + 94, -2*o - 4*a = 3*o - h. Is o composite?
False
Let f(l) = 10*l**3 + l**2 + 7*l - 11. Let k be ((-5)/(100/(-24)))/(9/30). Is f(k) a composite number?
False
Suppose 4*u - 2*a - 2356 = 0, 5*u - 4448 + 1503 = -a. Is u composite?
True
Let n(o) = -53*o - 211. Is n(-24) a composite number?
False
Let a = 80 + -80. Suppose -3*d = -i - i - 161, -2*d - 3*i + 90 = a. Is d composite?
True
Is 1933839/36 - (105/28 - 3) a composite number?
False
Let y be (-8)/44 + 12/66. Let d(l) = l + 53. Is d(y) a composite number?
False
Let l be -1 + -4 + 1 + (-15)/5. Let a(i) = -10*i**2 - 34*i + 27. Let h(r) = 3*r**2 + 11*r - 9. Let x(n) = -2*a(n) - 7*h(n). Is x(l) a prime number?
True
Let x = -1279 + 2602. Let s = -844 + x. Is s a prime number?
True
Let o be 4/10 - (-11673)/(-45). Let y = o - -404. Is y composite?
True
Let j(l) = -l**3 + 6*l**2 - 7*l + 10. Let s be j(5). Is (-7 + s)*(2 - 103) a composite number?
True
Let y(d) = 8*d**3 + 2*d**2 - 2*d + 1. Let i be y(4). Let q = i - -544. Is q prime?
False
Suppose 3*o - 3424 = 2*m, o + m - 100 = 1048. Let g = -463 + o. Is g a composite number?
True
Suppose 5*v = -10, -57*v + 55*v - 97128 = -4*i. Is i prime?
True
Let t be (15/(-10))/((-2)/16). Let n = t - 2. Is (156/n)/((-16)/(-40)) a prime number?
False
Suppose -10*q = -7*q - 6. Suppose -m = -q*m + 157. Is m a prime number?
True
Suppose 4042 = 2*j + 5*k, 0 = 5*j - 2*j + k - 6089. Suppose -4*u - j = -7*u. Is u composite?
False
Suppose 0 = 5*j + 5*f - 40, 2*f - 18 = -j - f. Suppose -r - 4*z = -615, -5*z = j*r - 1082 - 735. Is r a composite number?
False
Let z(u) = 3932*u**3 - 15*u**2 + 11*u + 2. Let h(v) = 1966*v**3 - 8*v**2 + 6*v + 1. Let a(y) = 11*h(y) - 6*z(y). Is a(-1) prime?
False
Let s = 1500 + -867. Is s a composite number?
True
Suppose -3864 = 2*q - 6*q. Let y = -74 - -109. Is (-5)/(-2)*q/y prime?
False
Let z(r) be the first derivative of 39*r**6/20 - r**3/6 - 3*r**2 + 6. Let f(g) be the second derivative of z(g). Is f(1) composite?
False
Let a(i) be the third derivative of i**5/60 - i**4/4 + 2*i**3/3 + 7*i**2. Let d be a(4). Is 189/4 - d/(-16) a composite number?
False
Let n(g) = -g + 12. Let l be n(8). Suppose q - 380 = -l*q. Is 2/2 - q/(-2) prime?
False
Let x be 8/3*(-33)/(-44). Is (-13 + 11)/(x/(-298)) a composite number?
True
Let z be 4*4 - 2 - 1. Let q be 6/8 + -1 + 82/8. Suppose q*t - z*t + 201 = 0. Is t a composite number?
False
Is -86*(-95)/5 + -1 prime?
False
Let x(q) = 111*q**2 + 6*q - 9. Let l be x(-7). Let y = l + -2885. Is y a composite number?
False
Suppose 16*d + 13517 = 23*d. Is d prime?
True
Let m = -12 - -14. Let i be -1 - (-1987 - (m + -3)). Suppose -i = -4*k - k. Is k a prime number?
True
Suppose 2*t + 737 + 1523 = 0. Let h = 2491 + t. Is h a prime number?
True
Let j(v) = -4*v - 30. Let m be j(-8). Suppose -3*p - z + 1601 = 0, p - 555 = 3*z + m*z. Is p prime?
False
Let t = 7247 - 3636. Is t a composite number?
True
Is 6/(-21) - (30132/(-14) - -5) a prime number?
False
Is (-6)/24*10*-4274 a prime number?
False
Is ((-463970)/18)/(-5) - 2/9 prime?
False
Let u = 30938 - 19315. Is u a composite number?
True
Suppose -22*g = -27*g - 4*l + 192329, 0 = -g + 5*l + 38489. Is g a composite number?
True
Suppose 2*i = -n + 929, 3*n - 2*i - 1100 - 1711 = 0. Let a = 1912 - n. Is a a prime number?
True
Let f be 0 + 500 + 2/(-1). Suppose 488 = -21*h + 19*h. Let g = h + f. Is g prime?
False
Let k = -3069 - -11177. Suppose 4*q - 4984 = k. Is q a composite number?
True
Suppose -3*y = -8*y + 5. Let i = 5 - y. Suppose -i*j - 759 = -7*j. Is j prime?
False
Let s = -2848 - -4559. Is s a prime number?
False
Let w(n) be the third derivative of n**5/12 - 3*n**4/8 + n**3/6 - 12*n**2. Let h = 19 + -13. Is w(h) composite?
False
Let i = 38 - 68. Let s be -17124 + -1 - (5 + -3). Is (-4)/i + s/(-135) a prime number?
True
Let i(s) = -s. Let t(r) = -34*r + 7. Let a(b) = 3*i(b) + t(b). Is a(-8) a composite number?
True
Let m(q) = 20*q**2 - 14*q + 7. Let z = 60 - 71. Is m(z) composite?
True
Let r(m) = m**2 + 5*m + 6. Let g be r(-3). Suppose 5*c = -g*c - 1400. Let y = 571 + c. Is y a prime